mmon factor of 536 and 2872?
8
What is the greatest common factor of 24 and 37896?
24
What is the greatest common factor of 776 and 256468?
388
Calculate the greatest common divisor of 414 and 61434.
18
What is the greatest common divisor of 803 and 7811?
73
What is the greatest common divisor of 817 and 10535?
43
Calculate the greatest common factor of 143 and 145717.
143
Calculate the highest common factor of 177110 and 5340.
890
Calculate the greatest common factor of 36 and 4964.
4
Calculate the highest common factor of 41034 and 42.
42
What is the greatest common divisor of 256 and 155904?
256
Calculate the highest common factor of 327 and 37714.
109
Calculate the greatest common factor of 90 and 609615.
45
What is the highest common factor of 11963 and 70?
7
Calculate the greatest common divisor of 166 and 1444.
2
Calculate the greatest common divisor of 4165 and 375340.
245
What is the highest common factor of 128127 and 3?
3
Calculate the greatest common factor of 52217 and 44.
11
What is the greatest common factor of 270 and 498?
6
Calculate the highest common divisor of 255312 and 3.
3
What is the greatest common factor of 17025 and 1425?
75
Calculate the highest common divisor of 40 and 5824.
8
What is the greatest common divisor of 2567439 and 1162?
581
Calculate the highest common factor of 170 and 24922.
34
Calculate the highest common factor of 312 and 7449.
39
What is the greatest common divisor of 193780 and 40?
20
Calculate the greatest common divisor of 1022 and 22922.
146
Calculate the highest common divisor of 14257 and 636.
53
What is the greatest common divisor of 8312 and 112?
8
Calculate the highest common divisor of 27 and 670581.
9
What is the greatest common factor of 51 and 35122?
17
Calculate the greatest common factor of 358 and 326.
2
Calculate the highest common divisor of 65030 and 175.
35
What is the greatest common divisor of 72 and 20508?
12
What is the highest common factor of 1141 and 1048579?
1141
What is the highest common divisor of 22 and 174922?
22
Calculate the greatest common divisor of 9933 and 693.
231
Calculate the greatest common divisor of 13897 and 117.
13
Calculate the greatest common divisor of 729982 and 22.
22
What is the greatest common divisor of 32 and 104032?
32
What is the greatest common divisor of 192 and 1240640?
64
Calculate the greatest common divisor of 8852 and 288.
4
What is the highest common divisor of 7650 and 19200?
150
What is the greatest common divisor of 47151 and 279?
279
What is the greatest common factor of 1738766 and 76?
38
Calculate the greatest common divisor of 127 and 10414889.
127
Calculate the highest common divisor of 115895 and 2535.
65
Calculate the highest common divisor of 22596 and 924.
84
What is the greatest common divisor of 200 and 23080?
40
Calculate the highest common divisor of 24004 and 321936.
1412
Calculate the greatest common divisor of 867120 and 240.
240
Calculate the greatest common factor of 22498 and 42.
14
What is the highest common divisor of 1424676 and 4?
4
Calculate the highest common divisor of 510 and 90210.
30
What is the greatest common factor of 7489707 and 51?
51
Calculate the highest common divisor of 785298 and 714.
102
Calculate the highest common factor of 994 and 1835918.
994
Calculate the greatest common divisor of 257328 and 144.
144
What is the highest common divisor of 3924 and 156?
12
Calculate the highest common factor of 2098674 and 18.
18
What is the greatest common factor of 165 and 6105?
165
What is the greatest common divisor of 33 and 1201321?
11
What is the greatest common factor of 1585947 and 561?
561
What is the greatest common factor of 819 and 190372?
91
What is the highest common factor of 16736780 and 20?
20
What is the greatest common factor of 115 and 285?
5
Calculate the highest common factor of 1032 and 989.
43
What is the greatest common factor of 199785 and 114?
57
What is the highest common factor of 2101 and 16293255?
2101
What is the highest common divisor of 126 and 5887?
7
Calculate the highest common factor of 9116 and 946.
86
What is the highest common factor of 27 and 1781622?
27
Calculate the highest common divisor of 20 and 2188.
4
What is the highest common factor of 168 and 24136?
56
What is the greatest common factor of 6573 and 22223?
313
Calculate the greatest common factor of 4459 and 677131.
637
What is the greatest common divisor of 9131 and 5865?
23
What is the highest common factor of 158 and 44398?
158
Calculate the highest common factor of 11557 and 3683.
127
Calculate the highest common divisor of 2286 and 193548.
762
Calculate the greatest common factor of 84 and 346556.
28
Calculate the greatest common divisor of 116 and 58.
58
What is the highest common divisor of 95 and 3701770?
95
Calculate the greatest common divisor of 206262 and 126.
126
Calculate the highest common divisor of 450 and 3200.
50
Calculate the highest common factor of 30896 and 72.
8
Calculate the highest common divisor of 460332 and 10095.
2019
Calculate the greatest common factor of 2832 and 3363.
177
What is the greatest common divisor of 3771 and 441?
9
What is the highest common factor of 73808 and 2688?
112
Calculate the highest common factor of 7 and 124064.
1
What is the greatest common divisor of 48 and 43312?
16
What is the greatest common divisor of 265 and 305174?
53
What is the highest common divisor of 2366 and 3094?
182
Calculate the highest common factor of 12 and 444636.
12
Calculate the greatest common divisor of 1034577 and 139.
139
Calculate the greatest common factor of 265830 and 12.
6
Calculate the greatest common divisor of 12874 and 328.
82
What is the highest common factor of 33770 and 275?
55
What is the highest common factor of 498 and 1965606?
498
Calculate the greatest common factor of 2164 and 84.
4
Calculate the highest common factor of 142615 and 440.
55
Calculate the greatest common divisor of 4374 and 918.
54
What is the greatest common factor of 170388 and 3?
3
Calculate the greatest common divisor of 46 and 377614.
46
What is the greatest common divisor of 54544 and 322?
14
What is the greatest common factor of 10 and 11915?
5
Calculate the highest common factor of 4340 and 405356.
868
Calculate the highest common divisor of 306348 and 294.
294
What is the highest common divisor of 13368 and 32?
8
What is the highest common divisor of 39850 and 1450?
50
What is the greatest common divisor of 18 and 823?
1
What is the highest common divisor of 57970 and 15190?
310
What is the highest common divisor of 31059 and 19488?
609
Calculate the highest common factor of 203266 and 7.
7
What is the greatest common factor of 153748 and 27744?
1156
Calculate the highest common factor of 35980 and 476.
28
Calculate the greatest common divisor of 901258 and 1314.
146
Calculate the highest common factor of 103526 and 74.
74
Calculate the greatest common factor of 511262 and 202.
202
Calculate the highest common factor of 1146 and 246.
6
What is the greatest common factor of 15914 and 763?
109
What is the highest common divisor of 188383 and 86?
43
What is the highest common divisor of 609463 and 57?
19
Calculate the highest common divisor of 747577 and 237.
79
Calculate the greatest common factor of 74112 and 579.
579
Calculate the highest common divisor of 75 and 8335.
5
Calculate the greatest common factor of 78032 and 16.
16
What is the highest common factor of 112299 and 615?
123
Calculate the highest common divisor of 18216 and 621.
207
Calculate the highest common factor of 143 and 1027.
13
Calculate the greatest common divisor of 264684 and 108.
12
Calculate the greatest common factor of 36501 and 138.
69
What is the greatest common divisor of 3380552 and 67?
67
What is the greatest common factor of 10773 and 24339?
399
Calculate the greatest common factor of 13155 and 7860.
15
Calculate the greatest common divisor of 10846 and 91630.
374
Calculate the greatest common divisor of 3129 and 210.
21
Calculate the highest common divisor of 390396 and 18.
6
Calculate the highest common factor of 7140 and 168.
84
What is the greatest common factor of 4773 and 1677?
129
What is the greatest common factor of 784 and 307286?
14
What is the greatest common factor of 18216 and 468